*l - 11*l = -108. Let v(p) = p - 5. Let c = 3 + 34. What is the remainder when c is divided by v(l)?
11
Let t(j) = 3*j**2 + 4*j + 2. What is the remainder when 33 is divided by t(-3)?
16
Suppose 0 = 2*a - 4*y - 130, 7*a + y = 4*a + 223. What is the remainder when a is divided by 15?
13
Let h(b) = -1 + 3*b**2 + 3*b**2 + b**2 - 4*b**2 - 2*b. Calculate the remainder when 27 is divided by h(2).
6
What is the remainder when 63 is divided by (-6)/(-39) - 167/(-13)?
11
Suppose 78 = 4*l - 118. What is the remainder when l is divided by 13?
10
Let f = 136 + -121. Calculate the remainder when 49 is divided by f.
4
Suppose 0 = 4*q - 27 + 3. Suppose 2*n + 2 = 0, 2*f - 4*n - 6 = -q*n. Calculate the remainder when 10 is divided by f.
2
Let i(q) = -q. Let o be i(-5). Suppose -12 = -2*u + k, o*u + k - 5 = 18. Suppose 2*x + 13 = 3*x. What is the remainder when x is divided by u?
3
Let l(a) = -a**2 + 5*a - 4. Let z = 1 - 13. Calculate the remainder when ((-10)/8)/(3/z) is divided by l(3).
1
Suppose p - 1 - 4 = 0. Suppose 4*m + 3*a + 2 = -p, 2*m + 2*a + 6 = 0. Calculate the remainder when 3 + m/(-6)*0 is divided by 3.
0
Let s(m) = 0*m + 3*m**2 - 4 + 2*m**2 + 2*m. Let r(j) = -9*j**2 - 4*j + 7. Let p(z) = -4*r(z) - 7*s(z). Calculate the remainder when p(-5) is divided by 8.
7
Suppose -2*v = 4*m - v - 31, -5*m - 4*v + 36 = 0. Suppose 0 = -0*l + 5*l - 10, o = 2*l - 6. Calculate the remainder when 25 is divided by 74/m - o/(-8).
7
Suppose 0 = 4*h - 171 + 1395. Let t = h + 198. Let x = -59 - t. What is the remainder when x is divided by 13?
10
Let i(h) = -h**3 + h**2 - h + 93. Calculate the remainder when i(0) is divided by ((-72)/(-45))/(1/(-10)*-1).
13
Suppose -3*r + 8*r = 40. Let j(s) = s + 1. Calculate the remainder when (-752)/(-22) - 8/44 is divided by j(r).
7
Let w = 1 - 3. Let v be (-6)/(0 - w) - -3. Suppose 72 = 4*j - v*j. Calculate the remainder when 52 is divided by j.
16
Let h be (0/(2 - 0))/(-1). Suppose h = -4*i + 6*i - 20. Calculate the remainder when 0 + 29 - 0/4 is divided by i.
9
Let l = 11 - 5. Let k(g) = l*g + 0*g + 4*g + 1. Calculate the remainder when 20 is divided by k(1).
9
Let a(n) = 2*n**2 + 4*n**2 + n**2. Suppose -c - 4*c = -4*k - 99, -c - k + 18 = 0. Calculate the remainder when c is divided by a(1).
5
Suppose -3*i = -163 + 52. Let t(k) = k**2 + 6*k - 8. What is the remainder when i is divided by t(-8)?
5
Let k = 46 + -24. Calculate the remainder when 40 is divided by k.
18
Let g(n) = -9*n + 4. Suppose -15 - 35 = -2*u. What is the remainder when g(-5) is divided by u?
24
Let o = 74 - 52. Suppose -11 = h - 4*h + 5*t, 3*t = 4*h - o. What is the remainder when 20 is divided by h?
6
Let r be (13 - (3 + -2)) + 0. Suppose i + 0*g = 4*g + 13, -2*i + r = -g. What is the remainder when (-134)/(-6) - i/15 is divided by 8?
6
Let j(t) = -t + 1. Let z be j(-3). Suppose -2*k = 2*w - 6*w, 3*k - 4 = z*w. What is the remainder when k is divided by 2?
0
Suppose -4*s + 3*g + 42 + 47 = 0, -g = -s + 22. Suppose -3*i + 52 + 29 = 0. Suppose s + i = 5*k. Calculate the remainder when 28 is divided by k.
8
Suppose -5*f - 40 = 100. Let v = f + 90. Calculate the remainder when v is divided by 2*10 + (3 - 2).
20
Let p = 19 + -13. Calculate the remainder when 21 is divided by p.
3
Let p = -20 - -24. Suppose 197 = 3*z - p*f + 51, -z + f + 49 = 0. What is the remainder when z is divided by 17?
16
Suppose 4*u - b = 3*b + 32, 0 = 5*u + 5*b. Suppose -h + 0 = -u. What is the remainder when 13 is divided by h?
1
Let j(q) = -4 + q**2 + 2*q - 1 + 1. Let g be j(-4). What is the remainder when 10 is divided by g/6 + 30/9?
2
Suppose -5*v + 2*b + 92 = 4*b, 0 = -v - 4*b + 22. Calculate the remainder when 106 is divided by v.
16
Suppose 0 = -5*i + 583 - 138. What is the remainder when i is divided by 18?
17
Suppose -3*y + y - 72 = 0. Let k = y + 67. What is the remainder when k is divided by 11?
9
Let j = 863 - 238. Let d be (1 + 0)/(5/j). Suppose -2*w = -7*w + d. What is the remainder when w is divided by 13?
12
Let k = 54 + -11. Let v = 6 + 9. Calculate the remainder when k is divided by v.
13
Let n(c) = -3*c + 14*c**2 - 9*c**2 + 5*c - 1 + 8*c**2. What is the remainder when n(2) is divided by 19?
17
Let m(a) = -2*a - 9. What is the remainder when (-6)/(-9)*(-78)/(-4) is divided by m(-7)?
3
Let f(s) = s + 1. Let l(h) = -h**3 + 7*h**2 + 13*h - 10. Let b(p) = -2*f(p) + l(p). Calculate the remainder when 46 is divided by b(8).
10
Suppose 0 = -3*t - 2*p + 8 - 0, 2*t - 5 = -p. Suppose -t*c + 70 = -0*c. What is the remainder when c is divided by 19?
16
Suppose 4 = 2*g - 0*g - 2*y, -3*g + 5*y = -8. Let j = g + -3. Calculate the remainder when (j - -39) + 1 + 0 is divided by 10.
8
Calculate the remainder when 3 + (1 - 209)/(-2) is divided by 9.
8
Let c(o) = 12*o**2 + 6*o + 7. Calculate the remainder when c(-3) is divided by 9.
7
What is the remainder when (100 - 0)*1 - 1 is divided by 25?
24
Let k(o) = -o**3 - 4*o**2 + 4*o - 4. Let s be k(-5). Let h = 0 + 2. Calculate the remainder when 6 - (2 + (0 - s)) is divided by h.
1
Let d(v) = 4*v - 1. Calculate the remainder when 183 is divided by d(8).
28
Let t(a) = -a**2 + 14*a - 1. Calculate the remainder when t(13) is divided by 7.
5
Suppose -7 = -g - 3. Suppose -19 = g*z - 107. Calculate the remainder when 43 is divided by z.
21
Let s(d) = 25*d - 6. Calculate the remainder when s(3) is divided by 18.
15
Let y be (-58)/(-7) + 4/(-14). Let u(g) = 4*g - 10. Calculate the remainder when 65 is divided by u(y).
21
Suppose 7*z - 40 = -z. What is the remainder when z is divided by 2?
1
Let u = 32 - 27. What is the remainder when 23 is divided by u?
3
Suppose -28 = -3*c + 14. What is the remainder when 51 is divided by c?
9
Let k(i) = -3*i**2 + 2*i - 2. Let c be k(1). What is the remainder when (-3)/9 + (-85)/c is divided by 15?
13
Suppose 92 = 15*x - 11*x. Calculate the remainder when -5*(2 - (-2 - -13)) is divided by x.
22
Suppose 0 = 2*p - 2*y - 82, 6*y = -2*p + 4*y + 66. Calculate the remainder when p is divided by (-460)/(-36) - 2/(-9).
11
Let a = -3 - -2. Let z be 6/8*(-5 - a). Let m = 19 - z. Calculate the remainder when m is divided by 8.
6
Let l = 12 + -1. Calculate the remainder when 53 is divided by l.
9
Suppose -9 = -i - 4*v, 2*i + 3*v = v + 6. Let g = 16 - 11. Let u = g + -3. Calculate the remainder when u is divided by i.
0
Let d(o) = -5*o**2 + o**2 + 2*o**2 + 3*o**3 + 0*o**3 + 1. Let q be d(1). Calculate the remainder when 39 is divided by ((-4)/(-10))/(q/50).
9
Let v be 5/4*(4 + 0). Suppose 2*a + 4*t = 6*a - 204, -4*t = v*a - 273. What is the remainder when a is divided by 14?
11
Let c = 16 - 6. Let v be (-9)/6 - (-6)/4. Suppose -2*i - 6 + 44 = v. Calculate the remainder when i is divided by c.
9
Calculate the remainder when 28 - (0 - -2)*-1 is divided by 1*22*1/2.
8
Suppose -d - 5*o = -14, 5*o - 39 + 120 = 4*d. What is the remainder when d is divided by 7?
5
Suppose -33 = 4*i - 5*i. What is the remainder when 21 is divided by ((-8)/(-24))/(1/i)?
10
What is the remainder when 1/4 + 1688/32 is divided by 18?
17
Let d = 3 - -1. Let i be 4/6 + 14/(-3). Calculate the remainder when (-46)/i - (-2)/(-4) is divided by d.
3
Suppose 9 - 1 = 4*b. Suppose 55 = b*q + 7. Calculate the remainder when q is divided by 13.
11
Let b = 29 + 0. Let h = 0 + -5. Calculate the remainder when b is divided by h/((9/6)/(-3)).
9
Suppose 2*k = -6*d + 8*d - 212, d - 94 = -3*k. What is the remainder when d is divided by 21?
19
What is the remainder when 33 is divided by 1 - 64/(-6)*3/2?
16
Let d be 3*(-3 - 14/(-2)). Calculate the remainder when 81 is divided by 244/d - (-8)/12.
18
Suppose -2*q + 7*q - 120 = 0. What is the remainder when 46 is divided by q?
22
Suppose 4*z = h - 27, -5*h + 35 + 4 = 4*z. Let s(w) = 3*w + 1. Let g(y) = -y + 1. Let r(j) = 2*g(j) + s(j). Calculate the remainder when h is divided by r(3).
5
Let j be (-3 - -1)/((-12)/18). Suppose 4*k = 2*s + 16, -j*s + 3*k - 5 = 4. Suppose s*n = 3*n - 2. Calculate the remainder when 4 is divided by n.
0
Let r be 3 - 0 - 49 - -1. Let d = -32 - r. Calculate the remainder when d is divided by 5.
3
Let o = -10 + 14. Suppose 2 + 4 = 3*m. What is the remainder when o is divided by m?
0
Suppose -5*g = 3*z - 68, 0 = -3*z - 0*z + 5*g + 118. Let k = z - 17. Calculate the remainder when 27 is divided by k.
13
Suppo